 prime number?
True
Is 31637 a composite number?
True
Is 1622233 a composite number?
False
Is 40343 a composite number?
False
Is 287 a composite number?
True
Is 298817 composite?
False
Is 7559 a prime number?
True
Is 395191 a prime number?
True
Is 33519 a composite number?
True
Is 2491 prime?
False
Is 1249 composite?
False
Is 11197 composite?
False
Is 128507 a composite number?
True
Is 3109 a composite number?
False
Is 8741 a composite number?
False
Is 757681 a prime number?
False
Is 876569 a composite number?
False
Is 49253 prime?
True
Is 152401 a prime number?
False
Is 3973 composite?
True
Is 16741 composite?
False
Is 102439 a prime number?
False
Is 22343 a composite number?
False
Is 14851 composite?
False
Is 1294619 a composite number?
True
Is 6227 prime?
False
Is 67289 composite?
False
Is 14591 composite?
False
Is 8497 composite?
True
Is 69779 prime?
True
Is 111227 a prime number?
True
Is 919 a prime number?
True
Is 2039 a composite number?
False
Is 1691 prime?
False
Is 386741 a composite number?
True
Is 59146 a composite number?
True
Is 69 a composite number?
True
Is 63197 a composite number?
False
Is 1041247 prime?
False
Is 16971 composite?
True
Is 7069 a prime number?
True
Is 16241 a prime number?
False
Is 1204549 a composite number?
True
Is 9663 prime?
False
Is 480003 a prime number?
False
Is 5039 prime?
True
Is 34667 a prime number?
True
Is 523789 prime?
False
Is 9527 a composite number?
True
Is 4703 composite?
False
Is 444701 a composite number?
False
Is 522263 a prime number?
False
Is 25031 prime?
True
Is 14594 a composite number?
True
Is 477767 prime?
True
Is 26797 composite?
True
Is 196217 prime?
False
Is 482621 a composite number?
False
Is 35363 prime?
True
Is 36769 a prime number?
False
Is 9223 prime?
False
Is 2095 a prime number?
False
Is 51445 a composite number?
True
Is 4133 composite?
False
Is 5027 a prime number?
False
Is 2879 a prime number?
True
Is 1541 a composite number?
True
Is 5771 a composite number?
True
Is 7121 prime?
True
Is 381 a composite number?
True
Is 309457 composite?
False
Is 1272169 composite?
False
Is 77141 a composite number?
False
Is 230719 a composite number?
False
Is 28961 composite?
False
Is 14429 a composite number?
True
Is 411881 a composite number?
True
Is 11579 composite?
False
Is 12147 a composite number?
True
Is 75149 composite?
False
Is 11329 composite?
False
Is 68803 prime?
False
Is 453421 a composite number?
False
Is 84137 prime?
True
Is 7897 prime?
False
Is 404693 composite?
False
Is 61861 composite?
False
Is 1245397 a prime number?
True
Is 3943 a composite number?
False
Is 819223 a prime number?
False
Is 215849 prime?
False
Is 226601 a prime number?
True
Is 499957 prime?
True
Is 56237 a composite number?
False
Is 884437 a prime number?
True
Is 12509 prime?
False
Is 8885 prime?
False
Is 536999 a prime number?
True
Is 81097 prime?
True
Is 85903 prime?
True
Is 2014229 prime?
False
Is 61309 a prime number?
False
Is 3337 composite?
True
Is 7033 composite?
True
Is 247561 prime?
False
Is 1081699 a prime number?
True
Is 377167 a composite number?
True
Is 1355017 composite?
True
Is 345379 prime?
True
Is 23347 prime?
False
Is 389069 composite?
True
Is 102839 a prime number?
False
Is 449621 composite?
False
Is 3739 a prime number?
True
Is 213847 a prime number?
True
Is 46661 a prime number?
False
Is 7603 a composite number?
False
Is 147853 a prime number?
True
Is 11599 a composite number?
True
Is 30971 a prime number?
True
Is 851 prime?
False
Is 36829 composite?
True
Is 391987 a composite number?
False
Is 140321 composite?
False
Is 66455 composite?
True
Is 30467 prime?
True
Is 21859 prime?
True
Is 17957 composite?
False
Is 490849 a composite number?
False
Is 9733 composite?
False
Is 562697 a prime number?
False
Is 140703 a composite number?
True
Is 80107 a composite number?
False
Is 31367 composite?
True
Is 1781 prime?
False
Is 112397 prime?
True
Is 309962 a prime number?
False
Is 24511 prime?
False
Is 381401 a prime number?
True
Is 436913 composite?
False
Is 945521 a composite number?
False
Is 48163 prime?
True
Is 14029 composite?
False
Is 62753 composite?
False
Is 78379 a prime number?
False
Is 4535 composite?
True
Is 35381 composite?
False
Is 249229 composite?
False
Is 18831 a composite number?
True
Is 4445669 composite?
True
Is 4777 a prime number?
False
Is 2691593 a composite number?
True
Is 8057 composite?
True
Is 1844151 a prime number?
False
Is 57457 a prime number?
True
Is 422453 a composite number?
False
Is 69851 a prime number?
False
Is 3449047 composite?
True
Is 3481 prime?
False
Is 2762 prime?
False
Is 52477 a composite number?
True
Is 18119 a composite number?
False
Is 91649 a composite number?
True
Is 3046 composite?
True
Is 302411 a prime number?
True
Is 523021 prime?
True
Is 205129 composite?
False
Is 27361 composite?
False
Is 81269 prime?
False
Is 59687 composite?
True
Is 59151 a prime number?
False
Is 29651 a composite number?
True
Is 4663 composite?
False
Is 9613 prime?
True
Is 1901 a composite number?
False
Is 56767 a prime number?
True
Is 55669 a prime number?
False
Is 218113 a prime number?
False
Is 24789 a composite number?
True
Is 113011 composite?
False
Is 20389 a composite number?
False
Is 35023 composite?
False
Is 8663 a prime number?
True
Is 1241941 a prime number?
True
Is 3646 prime?
False
Is 2963 prime?
True
Is 4847 a composite number?
True
Is 100129 prime?
True
Is 311351 composite?
True
Is 343037 a prime number?
True
Is 18455 a prime number?
False
Is 25999 prime?
True
Is 46581 a prime number?
False
Is 25247 a composite number?
False
Is 257 a composite number?
False
Is 1543 composite?
False
Is 8057 a prime number?
False
Is 39659 composite?
False
Is 2111 composite?
False
Is 20389 prime?
True
Is 25523 prime?
True
Is 199141 composite?
True
Is 270563 composite?
False
Is 16255 prime?
False
Is 48967 composite?
True
Is 16259 composite?
True
Is 3785 a prime number?
False
Is 89191 a composite number?
True
Is 246467 a prime number?
False
Is 9601 prime?
True
Is 463849 a composite number?
False
Is 55073 a prime number?
True
Is 390557 composite?
True
Is 737 composite?
True
Is 2371 composite?
False
Is 2996603 a composite number?
False
Is 398591 composite?
False
Is 107159 prime?
False
Is 1973 prime?
True
Is 40991 prime?
False
Is 19913 a prime number?
True
Is 14939 a prime number?
True
Is 449087 a prime number?
False
Is 8641 a composite number?
False
Is 46285 prime?
False
Is 1160903 prime?
True
Is 26599 composite?
True
Is 7901 prime?
True
Is 509569 composite?
False
Is 379 composite?
False
Is 3011 composite?
False
Is 164678 prime?
False
Is 14029 prime?
True
Is 45949 prime?
True
Is 9599 a prime number?
False
Is 355 a prime number?
False
Is 334315 composite?
True
Is 1371 a composite number?
True
Is 14845 a prime number?
False
Is 354115 composite?
True
Is 57733 prime?
False
Is 327973 a prime number?
False
Is 784835 a prime number?
False
Is 6387 a prime number?
False
Is 323759 prime?
True
Is 2767 a composite number?
False
Is 3410867 a prime number?
False
Is 40661 a composite number?
True
Is 14029 a composite number?
False
Is 11365 prime?
False
Is 106487 a composite number?
False
Is 410551 composite?
False
Is 42233 a prime number?
False
Is 20759 a composite number?
False
Is 62747 a prime number?
False
Is 17401 a composite number?
False
Is 18958 composite?
True
Is 15037 composite?
True
Is 1733 composite?
False
Is 207439 composite?
True
Is 1064911 a composite number?
False
Is 77991 a composite number?
True
Is 105895 composite?
True
Is 51749 prime?
True
Is 467749 composite?
False
Is 3775373 prime?
False
Is 14923 a composite number?
False
Is 1265257 a prime number?
False
Is 53402 a prime number?
False
Is 2279 prime?
False
Is 15499 composite?
True
Is 14849 prime?
False
Is 2129 a composite number?
False
Is 1711 a composite number?
True
Is 12171 prime?
False
Is 1151 a prime number?
True
Is 39187 prime?
False
Is 494809 composite?
True
Is 28859 a prime number?
True
Is 19541 a composite number?
False
Is 98899 prime?
True
Is 85679 a prime number?
False
Is 44615 a composite number?
True
Is 77893 a composite number?
False
Is 127 prime?
True
Is 59663 composite?
False
Is 3015007 prime?
True
Is 1658543 a prime number?
False
Is 31973 composite?
False
Is 11967 prime?
False
Is 56941 prime?
True
Is 3589 a 